{"id":1362,"date":"2020-04-27T22:38:18","date_gmt":"2020-04-28T01:38:18","guid":{"rendered":"https:\/\/www.amplifica.me\/simplifica\/?page_id=1362"},"modified":"2020-05-09T21:46:46","modified_gmt":"2020-05-10T00:46:46","slug":"cadastro-pais","status":"publish","type":"page","link":"https:\/\/www.amplifica.me\/simplifica\/?page_id=1362","title":{"rendered":"Cadastro | Pais e respons\u00e1veis"},"content":{"rendered":"\n\r\n<div class=\"um um-register um-423\">\r\n\r\n\t<div class=\"um-form\" data-mode=\"register\">\r\n\r\n\t\t<form method=\"post\" action=\"\">\r\n\r\n\t\t\t<div class=\"um-row _um_row_1 \" style=\"margin: 0 0 30px 0;\"><div class=\"um-col-1\"><div  id=\"um_field_423_user_login\" class=\"um-field um-field-text  um-field-user_login um-field-text um-field-type_text\" data-key=\"user_login\"><div class=\"um-field-label\"><div class=\"um-field-label-icon\"><i class=\"um-faicon-user\" aria-label=\"Nome de usu\u00e1rio\"><\/i><\/div><label for=\"user_login-423\">Nome de usu\u00e1rio<span class=\"um-req\" title=\"Required\">*<\/span><\/label><span class=\"um-tip um-tip-w\" title=\"Informe um nome de usu\u00e1rio, que ser\u00e1 a sua identifica\u00e7\u00e3o no SIMPLIFICA.\"><i class=\"um-icon-help-circled\"><\/i><\/span><div class=\"um-clear\"><\/div><\/div><div class=\"um-field-area\"><input  autocomplete=\"off\" class=\"um-form-field valid \" type=\"text\" name=\"user_login-423\" id=\"user_login-423\" value=\"\" placeholder=\"\" data-validate=\"unique_username\" data-key=\"user_login\" \/>\r\n\r\n\t\t\t\t\t\t<\/div><\/div><div  id=\"um_field_423_user_password\" class=\"um-field um-field-password  um-field-user_password um-field-password um-field-type_password\" data-key=\"user_password\"><div class=\"um-field-label\"><div class=\"um-field-label-icon\"><i class=\"um-icon-android-lock\" aria-label=\"Senha\"><\/i><\/div><label for=\"user_password-423\">Senha<span class=\"um-req\" title=\"Required\">*<\/span><\/label><span class=\"um-tip um-tip-w\" title=\"Informe a sua senha de acesso ao SIMPLIFICA, com no m\u00ednimo 6 caracteres.\"><i class=\"um-icon-help-circled\"><\/i><\/span><div class=\"um-clear\"><\/div><\/div><div class=\"um-field-area\"><input class=\"um-form-field valid \" type=\"password\" name=\"user_password-423\" id=\"user_password-423\" value=\"\" placeholder=\"\" data-validate=\"\" data-key=\"user_password\" \/>\r\n\r\n\t\t\t\t\t\t<\/div><\/div><div  id=\"um_field_423_confirm_user_password\" class=\"um-field um-field-password  um-field-user_password um-field-password um-field-type_password\" data-key=\"confirm_user_password\"><div class=\"um-field-label\"><div class=\"um-field-label-icon\"><i class=\"um-icon-android-lock\" aria-label=\"Senha (novamente)\"><\/i><\/div><label for=\"confirm_user_password-423\">Senha (novamente)<span class=\"um-req\" title=\"Required\">*<\/span><\/label><div class=\"um-clear\"><\/div><\/div><div class=\"um-field-area\"><input class=\"um-form-field valid \" type=\"password\" name=\"confirm_user_password-423\" id=\"confirm_user_password-423\" value=\"\" placeholder=\"Senha (novamente)\" data-validate=\"\" data-key=\"confirm_user_password\" \/><\/div><\/div><div  id=\"um_field_423_user_email\" class=\"um-field um-field-text  um-field-user_email um-field-text um-field-type_text\" data-key=\"user_email\"><div class=\"um-field-label\"><div class=\"um-field-label-icon\"><i class=\"um-icon-android-mail\" aria-label=\"E-mail\"><\/i><\/div><label for=\"user_email-423\">E-mail<span class=\"um-req\" title=\"Required\">*<\/span><\/label><span class=\"um-tip um-tip-w\" title=\"Informe o seu e-mail preferencial para se comunicar com o SIMPLIFICA.\"><i class=\"um-icon-help-circled\"><\/i><\/span><div class=\"um-clear\"><\/div><\/div><div class=\"um-field-area\"><input  autocomplete=\"off\" class=\"um-form-field valid \" type=\"text\" name=\"user_email-423\" id=\"user_email-423\" value=\"\" placeholder=\"\" data-validate=\"unique_email\" data-key=\"user_email\" \/>\r\n\r\n\t\t\t\t\t\t<\/div><\/div><div  id=\"um_field_423_first_name\" class=\"um-field um-field-text  um-field-first_name um-field-text um-field-type_text\" data-key=\"first_name\"><div class=\"um-field-label\"><label for=\"first_name-423\">Nome completo<span class=\"um-req\" title=\"Required\">*<\/span><\/label><span class=\"um-tip um-tip-w\" title=\"Informe o seu nome completo, sem abrevia\u00e7\u00f5es.\"><i class=\"um-icon-help-circled\"><\/i><\/span><div class=\"um-clear\"><\/div><\/div><div class=\"um-field-area\"><input  autocomplete=\"off\" class=\"um-form-field valid \" type=\"text\" name=\"first_name-423\" id=\"first_name-423\" value=\"\" placeholder=\"\" data-validate=\"\" data-key=\"first_name\" \/>\r\n\r\n\t\t\t\t\t\t<\/div><\/div><div  id=\"um_field_423_mobile_number\" class=\"um-field um-field-text  um-field-mobile_number um-field-text um-field-type_text\" data-key=\"mobile_number\"><div class=\"um-field-label\"><div class=\"um-field-label-icon\"><i class=\"um-faicon-mobile\" aria-label=\"Telefone\"><\/i><\/div><label for=\"mobile_number-423\">Telefone<\/label><span class=\"um-tip um-tip-w\" title=\"Informe o n\u00famero do seu telefone com o DDD\"><i class=\"um-icon-help-circled\"><\/i><\/span><div class=\"um-clear\"><\/div><\/div><div class=\"um-field-area\"><input  autocomplete=\"off\" class=\"um-form-field valid not-required \" type=\"text\" name=\"mobile_number-423\" id=\"mobile_number-423\" value=\"\" placeholder=\"(99)99999-9999\" data-validate=\"phone_number\" data-key=\"mobile_number\" \/>\r\n\r\n\t\t\t\t\t\t<\/div><\/div><div  id=\"um_field_423_cidade\" class=\"um-field um-field-text  um-field-cidade um-field-text um-field-type_text\" data-key=\"cidade\"><div class=\"um-field-label\"><label for=\"cidade-423\">Cidade<span class=\"um-req\" title=\"Required\">*<\/span><\/label><span class=\"um-tip um-tip-w\" title=\"Informe o nome de sua cidade\"><i class=\"um-icon-help-circled\"><\/i><\/span><div class=\"um-clear\"><\/div><\/div><div class=\"um-field-area\"><input  autocomplete=\"off\" class=\"um-form-field valid \" type=\"text\" name=\"cidade-423\" id=\"cidade-423\" value=\"\" placeholder=\"\" data-validate=\"\" data-key=\"cidade\" \/>\r\n\r\n\t\t\t\t\t\t<\/div><\/div><div  id=\"um_field_423_estado\" class=\"um-field um-field-select  um-field-estado um-field-select um-field-type_select\" data-key=\"estado\"><div class=\"um-field-label\"><label for=\"estado-423\">Estado<span class=\"um-req\" title=\"Required\">*<\/span><\/label><span class=\"um-tip um-tip-w\" title=\"Selecione o seu Estado\"><i class=\"um-icon-help-circled\"><\/i><\/span><div class=\"um-clear\"><\/div><\/div><div class=\"um-field-area  \"><select data-default=\"\"     name=\"estado\" id=\"estado\" data-validate=\"\" data-key=\"estado\" class=\"um-form-field valid um-s1 \" style=\"width: 100%\" data-placeholder=\"\" ><option value=\"\"><\/option><option value=\"Acre\" >Acre<\/option><option value=\"Alagoas\" >Alagoas<\/option><option value=\"Amap\u00e1\" >Amap\u00e1<\/option><option value=\"Amazonas\" >Amazonas<\/option><option value=\"Bahia\" >Bahia<\/option><option value=\"Cear\u00e1\" >Cear\u00e1<\/option><option value=\"Distrito Federal\" >Distrito Federal<\/option><option value=\"Esp\u00edrito Santo\" >Esp\u00edrito Santo<\/option><option value=\"Goi\u00e1s\" >Goi\u00e1s<\/option><option value=\"Maranh\u00e3o\" >Maranh\u00e3o<\/option><option value=\"Mato Grosso\" >Mato Grosso<\/option><option value=\"Mato Grosso do Sul\" >Mato Grosso do Sul<\/option><option value=\"Minas Gerais\" >Minas Gerais<\/option><option value=\"Par\u00e1\" >Par\u00e1<\/option><option value=\"Para\u00edba\" >Para\u00edba<\/option><option value=\"Paran\u00e1\" >Paran\u00e1<\/option><option value=\"Pernambuco\" >Pernambuco<\/option><option value=\"Piau\u00ed\" >Piau\u00ed<\/option><option value=\"Rio de Janeiro\" >Rio de Janeiro<\/option><option value=\"Rio Grande do Norte\" >Rio Grande do Norte<\/option><option value=\"Rio Grande do Sul\" >Rio Grande do Sul<\/option><option value=\"Rond\u00f4nia\" >Rond\u00f4nia<\/option><option value=\"Roraima\" >Roraima<\/option><option value=\"Santa Catarina\" >Santa Catarina<\/option><option value=\"S\u00e3o Paulo\" >S\u00e3o Paulo<\/option><option value=\"Sergipe\" >Sergipe<\/option><option value=\"Tocantins\" >Tocantins<\/option><\/select><\/div><\/div><div  id=\"um_field_423_onde-soube\" class=\"um-field um-field-checkbox  um-field-onde-soube um-field-checkbox um-field-type_checkbox\" data-key=\"onde-soube\"><div class=\"um-field-label\"><label for=\"onde-soube-423\">Como ficou sabendo sobre o SIMPLIFICA?<span class=\"um-req\" title=\"Required\">*<\/span><\/label><div class=\"um-clear\"><\/div><\/div><div class=\"um-field-area\"><label class=\"um-field-checkbox  um-field-half \"><input   type=\"checkbox\" name=\"onde-soube[]\" value=\"Redes sociais Amplifica\"  \/><span class=\"um-field-checkbox-state\"><i class=\"um-icon-android-checkbox-outline-blank\"><\/i><\/span><span class=\"um-field-checkbox-option\">Redes sociais Amplifica<\/span><\/label><label class=\"um-field-checkbox  um-field-half right\"><input   type=\"checkbox\" name=\"onde-soube[]\" value=\"Redes sociais Funda\u00e7\u00e3o Lemann\"  \/><span class=\"um-field-checkbox-state\"><i class=\"um-icon-android-checkbox-outline-blank\"><\/i><\/span><span class=\"um-field-checkbox-option\">Redes sociais Funda\u00e7\u00e3o Lemann<\/span><\/label><div class=\"um-clear\"><\/div><label class=\"um-field-checkbox  um-field-half \"><input   type=\"checkbox\" name=\"onde-soube[]\" value=\"Redes sociais Sincroniza\"  \/><span class=\"um-field-checkbox-state\"><i class=\"um-icon-android-checkbox-outline-blank\"><\/i><\/span><span class=\"um-field-checkbox-option\">Redes sociais Sincroniza<\/span><\/label><label class=\"um-field-checkbox  um-field-half right\"><input   type=\"checkbox\" name=\"onde-soube[]\" value=\"Outras redes sociais\"  \/><span class=\"um-field-checkbox-state\"><i class=\"um-icon-android-checkbox-outline-blank\"><\/i><\/span><span class=\"um-field-checkbox-option\">Outras redes sociais<\/span><\/label><div class=\"um-clear\"><\/div><label class=\"um-field-checkbox  um-field-half \"><input   type=\"checkbox\" name=\"onde-soube[]\" value=\"Newsletter\"  \/><span class=\"um-field-checkbox-state\"><i class=\"um-icon-android-checkbox-outline-blank\"><\/i><\/span><span class=\"um-field-checkbox-option\">Newsletter<\/span><\/label><label class=\"um-field-checkbox  um-field-half right\"><input   type=\"checkbox\" name=\"onde-soube[]\" value=\"PVE\"  \/><span class=\"um-field-checkbox-state\"><i class=\"um-icon-android-checkbox-outline-blank\"><\/i><\/span><span class=\"um-field-checkbox-option\">PVE<\/span><\/label><div class=\"um-clear\"><\/div><label class=\"um-field-checkbox  um-field-half \"><input   type=\"checkbox\" name=\"onde-soube[]\" value=\"Por indica\u00e7\u00e3o pessoal\"  \/><span class=\"um-field-checkbox-state\"><i class=\"um-icon-android-checkbox-outline-blank\"><\/i><\/span><span class=\"um-field-checkbox-option\">Por indica\u00e7\u00e3o pessoal<\/span><\/label><label class=\"um-field-checkbox  um-field-half right\"><input   type=\"checkbox\" name=\"onde-soube[]\" value=\"Outros\"  \/><span class=\"um-field-checkbox-state\"><i class=\"um-icon-android-checkbox-outline-blank\"><\/i><\/span><span class=\"um-field-checkbox-option\">Outros<\/span><\/label><div class=\"um-clear\"><\/div><div class=\"um-clear\"><\/div><\/div><\/div><div  id=\"um_field_423_interesse\" class=\"um-field um-field-textarea  um-field-interesse um-field-textarea um-field-type_textarea\" data-key=\"interesse\"><div class=\"um-field-label\"><label for=\"interesse-423\">Por que se interessou pelo projeto?<\/label><div class=\"um-clear\"><\/div><\/div><div class=\"um-field-area\"><textarea    style=\"height: 100px;\" class=\"um-form-field valid not-required \" name=\"interesse\" id=\"interesse\" placeholder=\"\"><\/textarea><\/div><\/div><\/div><\/div>\t\t<input type=\"hidden\" name=\"form_id\" id=\"form_id_423\" value=\"423\" \/>\r\n\t\r\n\t<p class=\"um_request_name\">\r\n\t\t<label for=\"um_request_423\">Only fill in if you are not human<\/label>\r\n\t\t<input type=\"hidden\" name=\"um_request\" id=\"um_request_423\" class=\"input\" value=\"\" size=\"25\" autocomplete=\"off\" \/>\r\n\t<\/p>\r\n\r\n\t<input type=\"hidden\" id=\"_wpnonce\" name=\"_wpnonce\" value=\"2a47159d72\" \/><input type=\"hidden\" name=\"_wp_http_referer\" value=\"\/simplifica\/index.php?rest_route=%2Fwp%2Fv2%2Fpages%2F1362\" \/>\r\n\t<div class=\"um-col-alt\">\r\n\r\n\t\t\r\n\t\t\t<div class=\"um-center\">\r\n\t\t\t\t<input type=\"submit\" value=\"Cadastrar\" class=\"um-button\" id=\"um-submit-btn\" \/>\r\n\t\t\t<\/div>\r\n\r\n\t\t\r\n\t\t<div class=\"um-clear\"><\/div>\r\n\r\n\t<\/div>\r\n\r\n\t\t\t\r\n\t\t<\/form>\r\n\r\n\t<\/div>\r\n\r\n<\/div><style type=\"text\/css\">\r\n.um-423.um {\r\n\tmax-width: 500px;\r\n}<\/style>\r\n\n","protected":false},"excerpt":{"rendered":"","protected":false},"author":1,"featured_media":0,"parent":0,"menu_order":1002,"comment_status":"closed","ping_status":"closed","template":"page-templates\/page-fullwidth.php","meta":{"_mi_skip_tracking":false},"tags":[68,67],"yoast_head":"<!-- This site is optimized with the Yoast SEO plugin v18.7 - https:\/\/yoast.com\/wordpress\/plugins\/seo\/ -->\n<title>Cadastro | Pais e respons\u00e1veis - Simplifica<\/title>\n<meta name=\"robots\" content=\"index, follow, max-snippet:-1, max-image-preview:large, max-video-preview:-1\" \/>\n<link rel=\"canonical\" href=\"https:\/\/www.amplifica.me\/simplifica\/?page_id=1362\" \/>\n<meta property=\"og:locale\" content=\"pt_BR\" \/>\n<meta property=\"og:type\" content=\"article\" \/>\n<meta property=\"og:title\" content=\"Cadastro | Pais e respons\u00e1veis - Simplifica\" \/>\n<meta property=\"og:url\" content=\"https:\/\/www.amplifica.me\/simplifica\/?page_id=1362\" \/>\n<meta property=\"og:site_name\" content=\"Simplifica\" \/>\n<meta property=\"article:modified_time\" content=\"2020-05-10T00:46:46+00:00\" \/>\n<meta name=\"twitter:card\" content=\"summary_large_image\" \/>\n<script type=\"application\/ld+json\" class=\"yoast-schema-graph\">{\"@context\":\"https:\/\/schema.org\",\"@graph\":[{\"@type\":\"WebSite\",\"@id\":\"https:\/\/www.amplifica.me\/simplifica\/#website\",\"url\":\"https:\/\/www.amplifica.me\/simplifica\/\",\"name\":\"Simplifica\",\"description\":\"Experi\u00eancias de Aprendizagem Gratuitas\",\"potentialAction\":[{\"@type\":\"SearchAction\",\"target\":{\"@type\":\"EntryPoint\",\"urlTemplate\":\"https:\/\/www.amplifica.me\/simplifica\/?s={search_term_string}\"},\"query-input\":\"required name=search_term_string\"}],\"inLanguage\":\"pt-BR\"},{\"@type\":\"WebPage\",\"@id\":\"https:\/\/www.amplifica.me\/simplifica\/?page_id=1362#webpage\",\"url\":\"https:\/\/www.amplifica.me\/simplifica\/?page_id=1362\",\"name\":\"Cadastro | Pais e respons\u00e1veis - Simplifica\",\"isPartOf\":{\"@id\":\"https:\/\/www.amplifica.me\/simplifica\/#website\"},\"datePublished\":\"2020-04-28T01:38:18+00:00\",\"dateModified\":\"2020-05-10T00:46:46+00:00\",\"breadcrumb\":{\"@id\":\"https:\/\/www.amplifica.me\/simplifica\/?page_id=1362#breadcrumb\"},\"inLanguage\":\"pt-BR\",\"potentialAction\":[{\"@type\":\"ReadAction\",\"target\":[\"https:\/\/www.amplifica.me\/simplifica\/?page_id=1362\"]}]},{\"@type\":\"BreadcrumbList\",\"@id\":\"https:\/\/www.amplifica.me\/simplifica\/?page_id=1362#breadcrumb\",\"itemListElement\":[{\"@type\":\"ListItem\",\"position\":1,\"name\":\"In\u00edcio\",\"item\":\"https:\/\/www.amplifica.me\/simplifica\/\"},{\"@type\":\"ListItem\",\"position\":2,\"name\":\"Cadastro | Pais e respons\u00e1veis\"}]}]}<\/script>\n<!-- \/ Yoast SEO plugin. -->","yoast_head_json":{"title":"Cadastro | Pais e respons\u00e1veis - Simplifica","robots":{"index":"index","follow":"follow","max-snippet":"max-snippet:-1","max-image-preview":"max-image-preview:large","max-video-preview":"max-video-preview:-1"},"canonical":"https:\/\/www.amplifica.me\/simplifica\/?page_id=1362","og_locale":"pt_BR","og_type":"article","og_title":"Cadastro | Pais e respons\u00e1veis - Simplifica","og_url":"https:\/\/www.amplifica.me\/simplifica\/?page_id=1362","og_site_name":"Simplifica","article_modified_time":"2020-05-10T00:46:46+00:00","twitter_card":"summary_large_image","schema":{"@context":"https:\/\/schema.org","@graph":[{"@type":"WebSite","@id":"https:\/\/www.amplifica.me\/simplifica\/#website","url":"https:\/\/www.amplifica.me\/simplifica\/","name":"Simplifica","description":"Experi\u00eancias de Aprendizagem Gratuitas","potentialAction":[{"@type":"SearchAction","target":{"@type":"EntryPoint","urlTemplate":"https:\/\/www.amplifica.me\/simplifica\/?s={search_term_string}"},"query-input":"required name=search_term_string"}],"inLanguage":"pt-BR"},{"@type":"WebPage","@id":"https:\/\/www.amplifica.me\/simplifica\/?page_id=1362#webpage","url":"https:\/\/www.amplifica.me\/simplifica\/?page_id=1362","name":"Cadastro | Pais e respons\u00e1veis - Simplifica","isPartOf":{"@id":"https:\/\/www.amplifica.me\/simplifica\/#website"},"datePublished":"2020-04-28T01:38:18+00:00","dateModified":"2020-05-10T00:46:46+00:00","breadcrumb":{"@id":"https:\/\/www.amplifica.me\/simplifica\/?page_id=1362#breadcrumb"},"inLanguage":"pt-BR","potentialAction":[{"@type":"ReadAction","target":["https:\/\/www.amplifica.me\/simplifica\/?page_id=1362"]}]},{"@type":"BreadcrumbList","@id":"https:\/\/www.amplifica.me\/simplifica\/?page_id=1362#breadcrumb","itemListElement":[{"@type":"ListItem","position":1,"name":"In\u00edcio","item":"https:\/\/www.amplifica.me\/simplifica\/"},{"@type":"ListItem","position":2,"name":"Cadastro | Pais e respons\u00e1veis"}]}]}},"_links":{"self":[{"href":"https:\/\/www.amplifica.me\/simplifica\/index.php?rest_route=\/wp\/v2\/pages\/1362"}],"collection":[{"href":"https:\/\/www.amplifica.me\/simplifica\/index.php?rest_route=\/wp\/v2\/pages"}],"about":[{"href":"https:\/\/www.amplifica.me\/simplifica\/index.php?rest_route=\/wp\/v2\/types\/page"}],"author":[{"embeddable":true,"href":"https:\/\/www.amplifica.me\/simplifica\/index.php?rest_route=\/wp\/v2\/users\/1"}],"replies":[{"embeddable":true,"href":"https:\/\/www.amplifica.me\/simplifica\/index.php?rest_route=%2Fwp%2Fv2%2Fcomments&post=1362"}],"version-history":[{"count":2,"href":"https:\/\/www.amplifica.me\/simplifica\/index.php?rest_route=\/wp\/v2\/pages\/1362\/revisions"}],"predecessor-version":[{"id":1764,"href":"https:\/\/www.amplifica.me\/simplifica\/index.php?rest_route=\/wp\/v2\/pages\/1362\/revisions\/1764"}],"wp:attachment":[{"href":"https:\/\/www.amplifica.me\/simplifica\/index.php?rest_route=%2Fwp%2Fv2%2Fmedia&parent=1362"}],"wp:term":[{"taxonomy":"post_tag","embeddable":true,"href":"https:\/\/www.amplifica.me\/simplifica\/index.php?rest_route=%2Fwp%2Fv2%2Ftags&post=1362"}],"curies":[{"name":"wp","href":"https:\/\/api.w.org\/{rel}","templated":true}]}}