{"id":1839,"date":"2020-05-20T14:14:34","date_gmt":"2020-05-20T17:14:34","guid":{"rendered":"https:\/\/www.amplifica.me\/simplifica\/?page_id=1839"},"modified":"2021-04-17T15:37:06","modified_gmt":"2021-04-17T18:37:06","slug":"adaptando-conteudos","status":"publish","type":"page","link":"https:\/\/www.amplifica.me\/simplifica\/?page_id=1839","title":{"rendered":"Adaptando conte\u00fados"},"content":{"rendered":"\n<div class=\"wp-block-columns\">\n<div class=\"wp-block-column\" style=\"flex-basis:66.66%\">\n<h3><span class=\"has-inline-color has-very-dark-gray-color\">Em que momento devemos adaptar as experi\u00eancias do Simplifica?<\/span><\/h3>\n\n\n\n<p class=\"has-medium-font-size\">Em todos que voc\u00ea julgar necess\u00e1rio. As adapta\u00e7\u00f5es n\u00e3o precisam ser realizadas s\u00f3 quando encontramos dificuldades.<\/p>\n\n\n\n<p class=\"has-medium-font-size\">O seu espa\u00e7o de aprendizagem acolhe uma pluralidade de perfis e o desejo de ajudar a alcan\u00e7\u00e1-los igualmente \u00e9 muito saud\u00e1vel. Que tal lembrar de quatro verbos poderosos quando for preciso adequar qualquer recurso ao seu contexto?<\/p>\n\n\n\n<h3>Acrescentar<span class=\"has-inline-color has-very-dark-gray-color\">, <\/span>Modificar<span class=\"has-inline-color has-very-dark-gray-color\">,<\/span> Simplificar<span class=\"has-inline-color has-very-dark-gray-color\">,<\/span> Aprofundar<span class=\"has-inline-color has-very-dark-gray-color\">.<\/span><\/h3>\n<\/div>\n\n\n\n<div class=\"wp-block-column\" style=\"flex-basis:33.33%\">\n<figure class=\"wp-block-image size-large is-resized\"><img loading=\"lazy\" src=\"https:\/\/www.amplifica.me\/simplifica\/wp-content\/uploads\/2020\/04\/teachers-simplifica.gif\" alt=\"\" class=\"wp-image-1069\" width=\"335\" height=\"400\"\/><\/figure>\n<\/div>\n<\/div>\n\n\n\n<hr class=\"wp-block-separator is-style-wide\"\/>\n\n\n\n<div class=\"wp-block-media-text alignwide is-stacked-on-mobile\"><figure class=\"wp-block-media-text__media\"><a href=\"http:\/\/bit.ly\/adaptasimplifica\"><img loading=\"lazy\" width=\"640\" height=\"426\" src=\"https:\/\/www.amplifica.me\/simplifica\/wp-content\/uploads\/2020\/05\/canvas-adaptando-simplifica.jpg\" alt=\"\" class=\"wp-image-1844\" srcset=\"https:\/\/www.amplifica.me\/simplifica\/wp-content\/uploads\/2020\/05\/canvas-adaptando-simplifica.jpg 640w, https:\/\/www.amplifica.me\/simplifica\/wp-content\/uploads\/2020\/05\/canvas-adaptando-simplifica-300x200.jpg 300w, https:\/\/www.amplifica.me\/simplifica\/wp-content\/uploads\/2020\/05\/canvas-adaptando-simplifica-100x67.jpg 100w\" sizes=\"(max-width: 640px) 100vw, 640px\" \/><\/a><\/figure><div class=\"wp-block-media-text__content\">\n<h2>Canvas<\/h2>\n\n\n\n<p class=\"has-medium-font-size\">Criamos um <em>canvas <\/em>exclusivo para te ajudar na adapta\u00e7\u00e3o dos conte\u00fados. <a href=\"http:\/\/bit.ly\/adaptaSimplifica\" target=\"_blank\" rel=\"noreferrer noopener\">Clique aqui<\/a> para receber a sua c\u00f3pia!<\/p>\n<\/div><\/div>\n\n\n\n<hr class=\"wp-block-separator is-style-wide\"\/>\n\n\n\n<div class=\"wp-block-media-text alignwide is-stacked-on-mobile\"><figure class=\"wp-block-media-text__media\"><a href=\"https:\/\/youtu.be\/pzaG310x4TA\" target=\"_blank\" rel=\"noopener noreferrer\"><img loading=\"lazy\" width=\"640\" height=\"426\" src=\"https:\/\/www.amplifica.me\/simplifica\/wp-content\/uploads\/2020\/05\/live-adaptando-simplifica.jpg\" alt=\"\" class=\"wp-image-1848\" srcset=\"https:\/\/www.amplifica.me\/simplifica\/wp-content\/uploads\/2020\/05\/live-adaptando-simplifica.jpg 640w, https:\/\/www.amplifica.me\/simplifica\/wp-content\/uploads\/2020\/05\/live-adaptando-simplifica-300x200.jpg 300w, https:\/\/www.amplifica.me\/simplifica\/wp-content\/uploads\/2020\/05\/live-adaptando-simplifica-100x67.jpg 100w\" sizes=\"(max-width: 640px) 100vw, 640px\" \/><\/a><\/figure><div class=\"wp-block-media-text__content\">\n<h2>Live<\/h2>\n\n\n\n<p class=\"has-medium-font-size\">Fizemos uma <em>live <\/em>especial com professores autores que deram dicas de como adaptar as experi\u00eancias \u00e0 sua realidade. <a href=\"https:\/\/youtu.be\/pzaG310x4TA\" target=\"_blank\" rel=\"noreferrer noopener\">Clique aqui<\/a> para assistir.<\/p>\n<\/div><\/div>\n\n\n\n<hr class=\"wp-block-separator is-style-wide\"\/>\n\n\n\n<div class=\"wp-block-media-text alignwide is-stacked-on-mobile\"><figure class=\"wp-block-media-text__media\"><a href=\"https:\/\/www.amplifica.me\/simplifica\/?page_id=1208\" target=\"_blank\" rel=\"noopener noreferrer\"><img loading=\"lazy\" width=\"640\" height=\"426\" src=\"https:\/\/www.amplifica.me\/simplifica\/wp-content\/uploads\/2020\/05\/dicas-adaptando-simplifica.jpg\" alt=\"\" class=\"wp-image-1851\" srcset=\"https:\/\/www.amplifica.me\/simplifica\/wp-content\/uploads\/2020\/05\/dicas-adaptando-simplifica.jpg 640w, https:\/\/www.amplifica.me\/simplifica\/wp-content\/uploads\/2020\/05\/dicas-adaptando-simplifica-300x200.jpg 300w, https:\/\/www.amplifica.me\/simplifica\/wp-content\/uploads\/2020\/05\/dicas-adaptando-simplifica-100x67.jpg 100w\" sizes=\"(max-width: 640px) 100vw, 640px\" \/><\/a><\/figure><div class=\"wp-block-media-text__content\">\n<h2>Dicas de contextualiza\u00e7\u00e3o<\/h2>\n\n\n\n<p class=\"has-medium-font-size\">Preparamos 10 dicas para contextualizar os conte\u00fados em sua comunidade educacional. <a href=\"https:\/\/www.amplifica.me\/simplifica\/?page_id=1208\" target=\"_blank\" rel=\"noreferrer noopener\">Clique aqui<\/a> para acessar.<\/p>\n<\/div><\/div>\n","protected":false},"excerpt":{"rendered":"<p>Em que momento devemos adaptar as experi\u00eancias do Simplifica? Em todos que voc\u00ea julgar necess\u00e1rio. As adapta\u00e7\u00f5es n\u00e3o precisam ser realizadas s\u00f3 quando encontramos dificuldades&#8230;.<\/p>\n","protected":false},"author":2,"featured_media":0,"parent":657,"menu_order":0,"comment_status":"closed","ping_status":"closed","template":"page-templates\/page-fullwidth.php","meta":{"_mi_skip_tracking":false},"tags":[],"yoast_head":"<!-- This site is optimized with the Yoast SEO plugin v18.7 - https:\/\/yoast.com\/wordpress\/plugins\/seo\/ -->\n<title>Adaptando conte\u00fados - Simplifica<\/title>\n<meta name=\"robots\" content=\"index, follow, max-snippet:-1, max-image-preview:large, max-video-preview:-1\" \/>\n<link rel=\"canonical\" href=\"https:\/\/www.amplifica.me\/simplifica\/?page_id=1839\" \/>\n<meta property=\"og:locale\" content=\"pt_BR\" \/>\n<meta property=\"og:type\" content=\"article\" \/>\n<meta property=\"og:title\" content=\"Adaptando conte\u00fados - Simplifica\" \/>\n<meta property=\"og:description\" content=\"Em que momento devemos adaptar as experi\u00eancias do Simplifica? Em todos que voc\u00ea julgar necess\u00e1rio. As adapta\u00e7\u00f5es n\u00e3o precisam ser realizadas s\u00f3 quando encontramos dificuldades....\" \/>\n<meta property=\"og:url\" content=\"https:\/\/www.amplifica.me\/simplifica\/?page_id=1839\" \/>\n<meta property=\"og:site_name\" content=\"Simplifica\" \/>\n<meta property=\"article:modified_time\" content=\"2021-04-17T18:37:06+00:00\" \/>\n<meta property=\"og:image\" content=\"https:\/\/www.amplifica.me\/simplifica\/wp-content\/uploads\/2020\/04\/teachers-simplifica.gif\" \/>\n<meta name=\"twitter:card\" content=\"summary_large_image\" \/>\n<meta name=\"twitter:label1\" content=\"Est. tempo de leitura\" \/>\n\t<meta name=\"twitter:data1\" content=\"1 minuto\" \/>\n<script type=\"application\/ld+json\" class=\"yoast-schema-graph\">{\"@context\":\"https:\/\/schema.org\",\"@graph\":[{\"@type\":\"WebSite\",\"@id\":\"https:\/\/www.amplifica.me\/simplifica\/#website\",\"url\":\"https:\/\/www.amplifica.me\/simplifica\/\",\"name\":\"Simplifica\",\"description\":\"Experi\u00eancias de Aprendizagem Gratuitas\",\"potentialAction\":[{\"@type\":\"SearchAction\",\"target\":{\"@type\":\"EntryPoint\",\"urlTemplate\":\"https:\/\/www.amplifica.me\/simplifica\/?s={search_term_string}\"},\"query-input\":\"required name=search_term_string\"}],\"inLanguage\":\"pt-BR\"},{\"@type\":\"ImageObject\",\"inLanguage\":\"pt-BR\",\"@id\":\"https:\/\/www.amplifica.me\/simplifica\/?page_id=1839#primaryimage\",\"url\":\"https:\/\/www.amplifica.me\/simplifica\/wp-content\/uploads\/2020\/04\/teachers-simplifica.gif\",\"contentUrl\":\"https:\/\/www.amplifica.me\/simplifica\/wp-content\/uploads\/2020\/04\/teachers-simplifica.gif\",\"width\":670,\"height\":800,\"caption\":\"Simplifica Experi\u00eancias de Aprendizagem Gratuitas para estudantes do 1\u00ba ao 9\u00ba ano\"},{\"@type\":\"WebPage\",\"@id\":\"https:\/\/www.amplifica.me\/simplifica\/?page_id=1839#webpage\",\"url\":\"https:\/\/www.amplifica.me\/simplifica\/?page_id=1839\",\"name\":\"Adaptando conte\u00fados - Simplifica\",\"isPartOf\":{\"@id\":\"https:\/\/www.amplifica.me\/simplifica\/#website\"},\"primaryImageOfPage\":{\"@id\":\"https:\/\/www.amplifica.me\/simplifica\/?page_id=1839#primaryimage\"},\"datePublished\":\"2020-05-20T17:14:34+00:00\",\"dateModified\":\"2021-04-17T18:37:06+00:00\",\"breadcrumb\":{\"@id\":\"https:\/\/www.amplifica.me\/simplifica\/?page_id=1839#breadcrumb\"},\"inLanguage\":\"pt-BR\",\"potentialAction\":[{\"@type\":\"ReadAction\",\"target\":[\"https:\/\/www.amplifica.me\/simplifica\/?page_id=1839\"]}]},{\"@type\":\"BreadcrumbList\",\"@id\":\"https:\/\/www.amplifica.me\/simplifica\/?page_id=1839#breadcrumb\",\"itemListElement\":[{\"@type\":\"ListItem\",\"position\":1,\"name\":\"In\u00edcio\",\"item\":\"https:\/\/www.amplifica.me\/simplifica\/\"},{\"@type\":\"ListItem\",\"position\":2,\"name\":\"Como funciona\",\"item\":\"https:\/\/www.amplifica.me\/simplifica\/?page_id=657\"},{\"@type\":\"ListItem\",\"position\":3,\"name\":\"Adaptando conte\u00fados\"}]}]}<\/script>\n<!-- \/ Yoast SEO plugin. -->","yoast_head_json":{"title":"Adaptando conte\u00fados - Simplifica","robots":{"index":"index","follow":"follow","max-snippet":"max-snippet:-1","max-image-preview":"max-image-preview:large","max-video-preview":"max-video-preview:-1"},"canonical":"https:\/\/www.amplifica.me\/simplifica\/?page_id=1839","og_locale":"pt_BR","og_type":"article","og_title":"Adaptando conte\u00fados - Simplifica","og_description":"Em que momento devemos adaptar as experi\u00eancias do Simplifica? Em todos que voc\u00ea julgar necess\u00e1rio. As adapta\u00e7\u00f5es n\u00e3o precisam ser realizadas s\u00f3 quando encontramos dificuldades....","og_url":"https:\/\/www.amplifica.me\/simplifica\/?page_id=1839","og_site_name":"Simplifica","article_modified_time":"2021-04-17T18:37:06+00:00","og_image":[{"url":"https:\/\/www.amplifica.me\/simplifica\/wp-content\/uploads\/2020\/04\/teachers-simplifica.gif"}],"twitter_card":"summary_large_image","twitter_misc":{"Est. tempo de leitura":"1 minuto"},"schema":{"@context":"https:\/\/schema.org","@graph":[{"@type":"WebSite","@id":"https:\/\/www.amplifica.me\/simplifica\/#website","url":"https:\/\/www.amplifica.me\/simplifica\/","name":"Simplifica","description":"Experi\u00eancias de Aprendizagem Gratuitas","potentialAction":[{"@type":"SearchAction","target":{"@type":"EntryPoint","urlTemplate":"https:\/\/www.amplifica.me\/simplifica\/?s={search_term_string}"},"query-input":"required name=search_term_string"}],"inLanguage":"pt-BR"},{"@type":"ImageObject","inLanguage":"pt-BR","@id":"https:\/\/www.amplifica.me\/simplifica\/?page_id=1839#primaryimage","url":"https:\/\/www.amplifica.me\/simplifica\/wp-content\/uploads\/2020\/04\/teachers-simplifica.gif","contentUrl":"https:\/\/www.amplifica.me\/simplifica\/wp-content\/uploads\/2020\/04\/teachers-simplifica.gif","width":670,"height":800,"caption":"Simplifica Experi\u00eancias de Aprendizagem Gratuitas para estudantes do 1\u00ba ao 9\u00ba ano"},{"@type":"WebPage","@id":"https:\/\/www.amplifica.me\/simplifica\/?page_id=1839#webpage","url":"https:\/\/www.amplifica.me\/simplifica\/?page_id=1839","name":"Adaptando conte\u00fados - Simplifica","isPartOf":{"@id":"https:\/\/www.amplifica.me\/simplifica\/#website"},"primaryImageOfPage":{"@id":"https:\/\/www.amplifica.me\/simplifica\/?page_id=1839#primaryimage"},"datePublished":"2020-05-20T17:14:34+00:00","dateModified":"2021-04-17T18:37:06+00:00","breadcrumb":{"@id":"https:\/\/www.amplifica.me\/simplifica\/?page_id=1839#breadcrumb"},"inLanguage":"pt-BR","potentialAction":[{"@type":"ReadAction","target":["https:\/\/www.amplifica.me\/simplifica\/?page_id=1839"]}]},{"@type":"BreadcrumbList","@id":"https:\/\/www.amplifica.me\/simplifica\/?page_id=1839#breadcrumb","itemListElement":[{"@type":"ListItem","position":1,"name":"In\u00edcio","item":"https:\/\/www.amplifica.me\/simplifica\/"},{"@type":"ListItem","position":2,"name":"Como funciona","item":"https:\/\/www.amplifica.me\/simplifica\/?page_id=657"},{"@type":"ListItem","position":3,"name":"Adaptando conte\u00fados"}]}]}},"_links":{"self":[{"href":"https:\/\/www.amplifica.me\/simplifica\/index.php?rest_route=\/wp\/v2\/pages\/1839"}],"collection":[{"href":"https:\/\/www.amplifica.me\/simplifica\/index.php?rest_route=\/wp\/v2\/pages"}],"about":[{"href":"https:\/\/www.amplifica.me\/simplifica\/index.php?rest_route=\/wp\/v2\/types\/page"}],"author":[{"embeddable":true,"href":"https:\/\/www.amplifica.me\/simplifica\/index.php?rest_route=\/wp\/v2\/users\/2"}],"replies":[{"embeddable":true,"href":"https:\/\/www.amplifica.me\/simplifica\/index.php?rest_route=%2Fwp%2Fv2%2Fcomments&post=1839"}],"version-history":[{"count":5,"href":"https:\/\/www.amplifica.me\/simplifica\/index.php?rest_route=\/wp\/v2\/pages\/1839\/revisions"}],"predecessor-version":[{"id":1950,"href":"https:\/\/www.amplifica.me\/simplifica\/index.php?rest_route=\/wp\/v2\/pages\/1839\/revisions\/1950"}],"up":[{"embeddable":true,"href":"https:\/\/www.amplifica.me\/simplifica\/index.php?rest_route=\/wp\/v2\/pages\/657"}],"wp:attachment":[{"href":"https:\/\/www.amplifica.me\/simplifica\/index.php?rest_route=%2Fwp%2Fv2%2Fmedia&parent=1839"}],"wp:term":[{"taxonomy":"post_tag","embeddable":true,"href":"https:\/\/www.amplifica.me\/simplifica\/index.php?rest_route=%2Fwp%2Fv2%2Ftags&post=1839"}],"curies":[{"name":"wp","href":"https:\/\/api.w.org\/{rel}","templated":true}]}}