{"id":624,"date":"2020-04-25T22:26:56","date_gmt":"2020-04-26T01:26:56","guid":{"rendered":"https:\/\/www.amplifica.me\/simplifica\/?page_id=624"},"modified":"2020-05-09T12:07:43","modified_gmt":"2020-05-09T15:07:43","slug":"projeto","status":"publish","type":"page","link":"https:\/\/www.amplifica.me\/simplifica\/?page_id=624","title":{"rendered":"O Projeto"},"content":{"rendered":"\n<div class=\"wp-block-columns\">\n<div class=\"wp-block-column\" style=\"flex-basis:33.33%\">\n<figure class=\"wp-block-image size-large\"><img loading=\"lazy\" width=\"800\" height=\"802\" src=\"https:\/\/www.amplifica.me\/simplifica\/wp-content\/uploads\/2020\/04\/quadro-icones-simplifica.png\" alt=\"\" class=\"wp-image-944\" srcset=\"https:\/\/www.amplifica.me\/simplifica\/wp-content\/uploads\/2020\/04\/quadro-icones-simplifica.png 800w, https:\/\/www.amplifica.me\/simplifica\/wp-content\/uploads\/2020\/04\/quadro-icones-simplifica-300x300.png 300w, https:\/\/www.amplifica.me\/simplifica\/wp-content\/uploads\/2020\/04\/quadro-icones-simplifica-150x150.png 150w, https:\/\/www.amplifica.me\/simplifica\/wp-content\/uploads\/2020\/04\/quadro-icones-simplifica-768x770.png 768w, https:\/\/www.amplifica.me\/simplifica\/wp-content\/uploads\/2020\/04\/quadro-icones-simplifica-100x100.png 100w, https:\/\/www.amplifica.me\/simplifica\/wp-content\/uploads\/2020\/04\/quadro-icones-simplifica-449x450.png 449w, https:\/\/www.amplifica.me\/simplifica\/wp-content\/uploads\/2020\/04\/quadro-icones-simplifica-120x120.png 120w\" sizes=\"(max-width: 800px) 100vw, 800px\" \/><\/figure>\n<\/div>\n\n\n\n<div class=\"wp-block-column\" style=\"flex-basis:66.66%\">\n<h2>Vis\u00e3o Geral<\/h2>\n\n\n\n<p class=\"has-medium-font-size\"><strong>Simplifica <\/strong>\u00e9 o programa criado pelo <strong><a href=\"https:\/\/www.amplifica.me\">Amplifica <\/a><\/strong>em parceria com a <a href=\"https:\/\/fundacaolemann.org.br\/\"><strong>Funda\u00e7\u00e3o Lemann<\/strong><\/a> e a <strong><em><a href=\"https:\/\/www.imaginablefutures.com\/\">Imaginable Futures<\/a><\/em><\/strong> para criar experi\u00eancias pedag\u00f3gicas mediadas pela tecnologia e disponibilizadas gratuitamente para os estudantes do Ensino Fundamental: anos iniciais e finais. Utilizamos plataformas e ferramentas <em>Google For Education <\/em>para que diversos professores do Brasil que agora trabalham remotamente possam aplic\u00e1-las em seus contextos educacionais.<\/p>\n<\/div>\n<\/div>\n\n\n\n<hr class=\"wp-block-separator is-style-wide\"\/>\n\n\n\n<div class=\"wp-block-columns\">\n<div class=\"wp-block-column\">\n<h1>+ de 50<\/h1>\n\n\n\n<p class=\"has-medium-font-size\">trilhas pedag\u00f3gicas gratuitas criadas por educadores.<\/p>\n\n\n\n<h1>40<\/h1>\n\n\n\n<p class=\"has-medium-font-size\">professores autores envolvidos no projeto.<\/p>\n<\/div>\n\n\n\n<div class=\"wp-block-column\">\n<h1>+ de 700<\/h1>\n\n\n\n<p class=\"has-medium-font-size\">experi\u00eancias de aprendizagem com desafios online e offline.<\/p>\n\n\n\n<h1>+ de 10 mil<\/h1>\n\n\n\n<p class=\"has-medium-font-size\">p\u00e1ginas de conte\u00fado criadas em duas semanas.<\/p>\n<\/div>\n\n\n\n<div class=\"wp-block-column\">\n<h1>08 <\/h1>\n\n\n\n<p class=\"has-medium-font-size\">semanas de conte\u00fado educativo para os estudantes.<\/p>\n\n\n\n<h1>1000<\/h1>\n\n\n\n<p class=\"has-medium-font-size\">possibilidades para escolas, educadores e estudantes.<\/p>\n<\/div>\n<\/div>\n\n\n\n<div class=\"wp-block-columns\">\n<div class=\"wp-block-column\"><\/div>\n\n\n\n<div class=\"wp-block-column\"><\/div>\n\n\n\n<div class=\"wp-block-column\"><\/div>\n<\/div>\n\n\n\n<hr class=\"wp-block-separator is-style-wide\"\/>\n\n\n\n<div class=\"wp-block-columns\">\n<div class=\"wp-block-column\" style=\"flex-basis:66.66%\">\n<h1 class=\"has-text-align-left\"><strong>Aprendizagem centrada no estudante<\/strong><\/h1>\n\n\n\n<p class=\"has-medium-font-size\">O modelo pedag\u00f3gico das trilhas di\u00e1rias foi desenhado a partir de par\u00e2metros sugeridos por Dewey (1938) e Kolb (1984) em seus trabalhos sobre o aprender por meio de experi\u00eancias e viv\u00eancias em uma constru\u00e7\u00e3o \u00fanica da equipe acad\u00eamica. Kolb prop\u00f5e em suas obras uma aprendizagem em quatro ciclos:<\/p>\n\n\n\n<p class=\"has-medium-font-size\">a experi\u00eancia concreta <span style=\"color:#034b9e\" class=\"has-inline-color\">\u279e<\/span> a reflex\u00e3o <span style=\"color:#034b9e\" class=\"has-inline-color\">\u279e<\/span> a conceitua\u00e7\u00e3o abstrata <span style=\"color:#034b9e\" class=\"has-inline-color\">\u279e<\/span> a experimenta\u00e7\u00e3o ativa<\/p>\n\n\n\n<p><\/p>\n<\/div>\n\n\n\n<div class=\"wp-block-column\" style=\"flex-basis:33.33%\">\n<figure class=\"wp-block-image size-large\"><img loading=\"lazy\" width=\"800\" height=\"800\" src=\"https:\/\/www.amplifica.me\/simplifica\/wp-content\/uploads\/2020\/04\/matriz-modelo-de-aprendizagem-de-Kolb.png\" alt=\"\" class=\"wp-image-988\" title=\"Aprendizagem centrada no estudante\" srcset=\"https:\/\/www.amplifica.me\/simplifica\/wp-content\/uploads\/2020\/04\/matriz-modelo-de-aprendizagem-de-Kolb.png 800w, https:\/\/www.amplifica.me\/simplifica\/wp-content\/uploads\/2020\/04\/matriz-modelo-de-aprendizagem-de-Kolb-300x300.png 300w, https:\/\/www.amplifica.me\/simplifica\/wp-content\/uploads\/2020\/04\/matriz-modelo-de-aprendizagem-de-Kolb-150x150.png 150w, https:\/\/www.amplifica.me\/simplifica\/wp-content\/uploads\/2020\/04\/matriz-modelo-de-aprendizagem-de-Kolb-768x768.png 768w, https:\/\/www.amplifica.me\/simplifica\/wp-content\/uploads\/2020\/04\/matriz-modelo-de-aprendizagem-de-Kolb-100x100.png 100w, https:\/\/www.amplifica.me\/simplifica\/wp-content\/uploads\/2020\/04\/matriz-modelo-de-aprendizagem-de-Kolb-450x450.png 450w, https:\/\/www.amplifica.me\/simplifica\/wp-content\/uploads\/2020\/04\/matriz-modelo-de-aprendizagem-de-Kolb-120x120.png 120w\" sizes=\"(max-width: 800px) 100vw, 800px\" \/><\/figure>\n<\/div>\n<\/div>\n\n\n\n<hr class=\"wp-block-separator is-style-wide\"\/>\n\n\n\n<div class=\"wp-block-columns\">\n<div class=\"wp-block-column\" style=\"flex-basis:33.33%\">\n<figure class=\"wp-block-image size-large\"><img loading=\"lazy\" width=\"800\" height=\"800\" src=\"https:\/\/www.amplifica.me\/simplifica\/wp-content\/uploads\/2020\/04\/catavento-simplifica.png\" alt=\"Os ciclos da aprendizagem\" class=\"wp-image-984\" title=\"Os ciclos da aprendizagem\" srcset=\"https:\/\/www.amplifica.me\/simplifica\/wp-content\/uploads\/2020\/04\/catavento-simplifica.png 800w, https:\/\/www.amplifica.me\/simplifica\/wp-content\/uploads\/2020\/04\/catavento-simplifica-300x300.png 300w, https:\/\/www.amplifica.me\/simplifica\/wp-content\/uploads\/2020\/04\/catavento-simplifica-150x150.png 150w, https:\/\/www.amplifica.me\/simplifica\/wp-content\/uploads\/2020\/04\/catavento-simplifica-768x768.png 768w, https:\/\/www.amplifica.me\/simplifica\/wp-content\/uploads\/2020\/04\/catavento-simplifica-100x100.png 100w, https:\/\/www.amplifica.me\/simplifica\/wp-content\/uploads\/2020\/04\/catavento-simplifica-450x450.png 450w, https:\/\/www.amplifica.me\/simplifica\/wp-content\/uploads\/2020\/04\/catavento-simplifica-120x120.png 120w\" sizes=\"(max-width: 800px) 100vw, 800px\" \/><\/figure>\n<\/div>\n\n\n\n<div class=\"wp-block-column\" style=\"flex-basis:66.66%\">\n<h1><strong>Os ciclos da aprendizagem<\/strong><\/h1>\n\n\n\n<p class=\"has-medium-font-size\">No <strong>Simplifica<\/strong>, os quatro ciclos de Kolb se transformam em cinco pontos intencionais na jornada do estudante: <strong>observar<\/strong>, <strong>explorar<\/strong>, <strong>fazer<\/strong>, <strong>conectar <\/strong>e <strong>pensar<\/strong>, n\u00e3o necessariamente nessa sequ\u00eancia.<\/p>\n\n\n\n<p class=\"has-medium-font-size\">Ao unir a vida real \u00e0 aprendizagem experiencial, as trilhas de experi\u00eancias do <strong>Simplifica<\/strong> aproximam os mundos acad\u00eamico, digital e anal\u00f3gico das necessidades e ess\u00eancia de cada estudante.<\/p>\n<\/div>\n<\/div>\n\n\n\n<hr class=\"wp-block-separator is-style-wide\"\/>\n\n\n\n<div class=\"wp-block-columns\">\n<div class=\"wp-block-column\">\n<figure class=\"wp-block-embed-youtube wp-block-embed is-type-video is-provider-youtube wp-embed-aspect-16-9 wp-has-aspect-ratio\"><div class=\"wp-block-embed__wrapper\">\n<iframe loading=\"lazy\" title=\"Miss\u00e3o Amplifica \u2764\ufe0f com Carla Arena e Samara Brito\" width=\"719\" height=\"404\" src=\"https:\/\/www.youtube.com\/embed\/yA8w6VLdn_g?feature=oembed\" frameborder=\"0\" allow=\"accelerometer; autoplay; encrypted-media; gyroscope; picture-in-picture\" allowfullscreen><\/iframe>\n<\/div><\/figure>\n\n\n\n<p class=\"has-small-font-size\">Assista ao v\u00eddeo para ouvir as coordenadoras do Amplifica Samara Brito e Carla Arena.<\/p>\n<\/div>\n\n\n\n<div class=\"wp-block-column\">\n<h2>Engajar para conectar e impulsionar talentos \u00e9 o que nos move. <\/h2>\n\n\n\n<p class=\"has-medium-font-size\">A metodologia do <strong>Amplifica <\/strong>pressup\u00f5e que o aprendizado \u00e9 coletivo e distribu\u00eddo em uma rede e estimula os participantes a repensarem suas pr\u00e1ticas e processos durante a constru\u00e7\u00e3o do projeto.<\/p>\n<\/div>\n<\/div>\n","protected":false},"excerpt":{"rendered":"<p>Vis\u00e3o Geral Simplifica \u00e9 o programa criado pelo Amplifica em parceria com a Funda\u00e7\u00e3o Lemann e a Imaginable Futures para criar experi\u00eancias pedag\u00f3gicas mediadas pela&#8230;<\/p>\n","protected":false},"author":1,"featured_media":0,"parent":0,"menu_order":1,"comment_status":"closed","ping_status":"closed","template":"","meta":{"_mi_skip_tracking":false},"tags":[],"yoast_head":"<!-- This site is optimized with the Yoast SEO plugin v18.7 - https:\/\/yoast.com\/wordpress\/plugins\/seo\/ -->\n<title>O Projeto - Simplifica<\/title>\n<meta name=\"description\" content=\"Simplifica \u00e9 o programa de experi\u00eancias de aprendizagem ativa para estudantes criado pelo Amplifica em parceria com a Funda\u00e7\u00e3o Lemann e a Imaginable Futures.\" \/>\n<meta name=\"robots\" content=\"index, follow, max-snippet:-1, max-image-preview:large, max-video-preview:-1\" \/>\n<link rel=\"canonical\" href=\"https:\/\/www.amplifica.me\/simplifica\/?page_id=624\" \/>\n<meta property=\"og:locale\" content=\"pt_BR\" \/>\n<meta property=\"og:type\" content=\"article\" \/>\n<meta property=\"og:title\" content=\"O Programa Simplifica\" \/>\n<meta property=\"og:description\" content=\"Simplifica \u00e9 o programa de experi\u00eancias de aprendizagem ativa para estudantes criado pelo Amplifica em parceria com a Funda\u00e7\u00e3o Lemann e a Imaginable Futures.\" \/>\n<meta property=\"og:url\" content=\"https:\/\/www.amplifica.me\/simplifica\/?page_id=624\" \/>\n<meta property=\"og:site_name\" content=\"Simplifica\" \/>\n<meta property=\"article:modified_time\" content=\"2020-05-09T15:07:43+00:00\" \/>\n<meta property=\"og:image\" content=\"https:\/\/www.amplifica.me\/simplifica\/wp-content\/uploads\/2020\/04\/thumb-geral-simplifica-02.png\" \/>\n\t<meta property=\"og:image:width\" content=\"870\" \/>\n\t<meta property=\"og:image:height\" content=\"452\" \/>\n\t<meta property=\"og:image:type\" content=\"image\/png\" \/>\n<meta name=\"twitter:card\" content=\"summary_large_image\" \/>\n<meta name=\"twitter:title\" content=\"O Programa Simplifica\" \/>\n<meta name=\"twitter:description\" content=\"Simplifica \u00e9 o programa de experi\u00eancias de aprendizagem ativa para estudantes criado pelo Amplifica em parceria com a Funda\u00e7\u00e3o Lemann e a Imaginable Futures.\" \/>\n<meta name=\"twitter:image\" content=\"https:\/\/www.amplifica.me\/simplifica\/wp-content\/uploads\/2020\/04\/thumb-geral-simplifica-02.png\" \/>\n<meta name=\"twitter:label1\" content=\"Est. tempo de leitura\" \/>\n\t<meta name=\"twitter:data1\" content=\"2 minutos\" \/>\n<script type=\"application\/ld+json\" class=\"yoast-schema-graph\">{\"@context\":\"https:\/\/schema.org\",\"@graph\":[{\"@type\":\"WebSite\",\"@id\":\"https:\/\/www.amplifica.me\/simplifica\/#website\",\"url\":\"https:\/\/www.amplifica.me\/simplifica\/\",\"name\":\"Simplifica\",\"description\":\"Experi\u00eancias de Aprendizagem Gratuitas\",\"potentialAction\":[{\"@type\":\"SearchAction\",\"target\":{\"@type\":\"EntryPoint\",\"urlTemplate\":\"https:\/\/www.amplifica.me\/simplifica\/?s={search_term_string}\"},\"query-input\":\"required name=search_term_string\"}],\"inLanguage\":\"pt-BR\"},{\"@type\":\"ImageObject\",\"inLanguage\":\"pt-BR\",\"@id\":\"https:\/\/www.amplifica.me\/simplifica\/?page_id=624#primaryimage\",\"url\":\"https:\/\/www.amplifica.me\/simplifica\/wp-content\/uploads\/2020\/04\/thumb-geral-simplifica-02.png\",\"contentUrl\":\"https:\/\/www.amplifica.me\/simplifica\/wp-content\/uploads\/2020\/04\/thumb-geral-simplifica-02.png\",\"width\":870,\"height\":452,\"caption\":\"Simplifica\"},{\"@type\":\"WebPage\",\"@id\":\"https:\/\/www.amplifica.me\/simplifica\/?page_id=624#webpage\",\"url\":\"https:\/\/www.amplifica.me\/simplifica\/?page_id=624\",\"name\":\"O Projeto - Simplifica\",\"isPartOf\":{\"@id\":\"https:\/\/www.amplifica.me\/simplifica\/#website\"},\"primaryImageOfPage\":{\"@id\":\"https:\/\/www.amplifica.me\/simplifica\/?page_id=624#primaryimage\"},\"datePublished\":\"2020-04-26T01:26:56+00:00\",\"dateModified\":\"2020-05-09T15:07:43+00:00\",\"description\":\"Simplifica \u00e9 o programa de experi\u00eancias de aprendizagem ativa para estudantes criado pelo Amplifica em parceria com a Funda\u00e7\u00e3o Lemann e a Imaginable Futures.\",\"breadcrumb\":{\"@id\":\"https:\/\/www.amplifica.me\/simplifica\/?page_id=624#breadcrumb\"},\"inLanguage\":\"pt-BR\",\"potentialAction\":[{\"@type\":\"ReadAction\",\"target\":[\"https:\/\/www.amplifica.me\/simplifica\/?page_id=624\"]}]},{\"@type\":\"BreadcrumbList\",\"@id\":\"https:\/\/www.amplifica.me\/simplifica\/?page_id=624#breadcrumb\",\"itemListElement\":[{\"@type\":\"ListItem\",\"position\":1,\"name\":\"In\u00edcio\",\"item\":\"https:\/\/www.amplifica.me\/simplifica\/\"},{\"@type\":\"ListItem\",\"position\":2,\"name\":\"O Projeto\"}]}]}<\/script>\n<!-- \/ Yoast SEO plugin. -->","yoast_head_json":{"title":"O Projeto - Simplifica","description":"Simplifica \u00e9 o programa de experi\u00eancias de aprendizagem ativa para estudantes criado pelo Amplifica em parceria com a Funda\u00e7\u00e3o Lemann e a Imaginable Futures.","robots":{"index":"index","follow":"follow","max-snippet":"max-snippet:-1","max-image-preview":"max-image-preview:large","max-video-preview":"max-video-preview:-1"},"canonical":"https:\/\/www.amplifica.me\/simplifica\/?page_id=624","og_locale":"pt_BR","og_type":"article","og_title":"O Programa Simplifica","og_description":"Simplifica \u00e9 o programa de experi\u00eancias de aprendizagem ativa para estudantes criado pelo Amplifica em parceria com a Funda\u00e7\u00e3o Lemann e a Imaginable Futures.","og_url":"https:\/\/www.amplifica.me\/simplifica\/?page_id=624","og_site_name":"Simplifica","article_modified_time":"2020-05-09T15:07:43+00:00","og_image":[{"width":870,"height":452,"url":"https:\/\/www.amplifica.me\/simplifica\/wp-content\/uploads\/2020\/04\/thumb-geral-simplifica-02.png","type":"image\/png"}],"twitter_card":"summary_large_image","twitter_title":"O Programa Simplifica","twitter_description":"Simplifica \u00e9 o programa de experi\u00eancias de aprendizagem ativa para estudantes criado pelo Amplifica em parceria com a Funda\u00e7\u00e3o Lemann e a Imaginable Futures.","twitter_image":"https:\/\/www.amplifica.me\/simplifica\/wp-content\/uploads\/2020\/04\/thumb-geral-simplifica-02.png","twitter_misc":{"Est. tempo de leitura":"2 minutos"},"schema":{"@context":"https:\/\/schema.org","@graph":[{"@type":"WebSite","@id":"https:\/\/www.amplifica.me\/simplifica\/#website","url":"https:\/\/www.amplifica.me\/simplifica\/","name":"Simplifica","description":"Experi\u00eancias de Aprendizagem Gratuitas","potentialAction":[{"@type":"SearchAction","target":{"@type":"EntryPoint","urlTemplate":"https:\/\/www.amplifica.me\/simplifica\/?s={search_term_string}"},"query-input":"required name=search_term_string"}],"inLanguage":"pt-BR"},{"@type":"ImageObject","inLanguage":"pt-BR","@id":"https:\/\/www.amplifica.me\/simplifica\/?page_id=624#primaryimage","url":"https:\/\/www.amplifica.me\/simplifica\/wp-content\/uploads\/2020\/04\/thumb-geral-simplifica-02.png","contentUrl":"https:\/\/www.amplifica.me\/simplifica\/wp-content\/uploads\/2020\/04\/thumb-geral-simplifica-02.png","width":870,"height":452,"caption":"Simplifica"},{"@type":"WebPage","@id":"https:\/\/www.amplifica.me\/simplifica\/?page_id=624#webpage","url":"https:\/\/www.amplifica.me\/simplifica\/?page_id=624","name":"O Projeto - Simplifica","isPartOf":{"@id":"https:\/\/www.amplifica.me\/simplifica\/#website"},"primaryImageOfPage":{"@id":"https:\/\/www.amplifica.me\/simplifica\/?page_id=624#primaryimage"},"datePublished":"2020-04-26T01:26:56+00:00","dateModified":"2020-05-09T15:07:43+00:00","description":"Simplifica \u00e9 o programa de experi\u00eancias de aprendizagem ativa para estudantes criado pelo Amplifica em parceria com a Funda\u00e7\u00e3o Lemann e a Imaginable Futures.","breadcrumb":{"@id":"https:\/\/www.amplifica.me\/simplifica\/?page_id=624#breadcrumb"},"inLanguage":"pt-BR","potentialAction":[{"@type":"ReadAction","target":["https:\/\/www.amplifica.me\/simplifica\/?page_id=624"]}]},{"@type":"BreadcrumbList","@id":"https:\/\/www.amplifica.me\/simplifica\/?page_id=624#breadcrumb","itemListElement":[{"@type":"ListItem","position":1,"name":"In\u00edcio","item":"https:\/\/www.amplifica.me\/simplifica\/"},{"@type":"ListItem","position":2,"name":"O Projeto"}]}]}},"_links":{"self":[{"href":"https:\/\/www.amplifica.me\/simplifica\/index.php?rest_route=\/wp\/v2\/pages\/624"}],"collection":[{"href":"https:\/\/www.amplifica.me\/simplifica\/index.php?rest_route=\/wp\/v2\/pages"}],"about":[{"href":"https:\/\/www.amplifica.me\/simplifica\/index.php?rest_route=\/wp\/v2\/types\/page"}],"author":[{"embeddable":true,"href":"https:\/\/www.amplifica.me\/simplifica\/index.php?rest_route=\/wp\/v2\/users\/1"}],"replies":[{"embeddable":true,"href":"https:\/\/www.amplifica.me\/simplifica\/index.php?rest_route=%2Fwp%2Fv2%2Fcomments&post=624"}],"version-history":[{"count":69,"href":"https:\/\/www.amplifica.me\/simplifica\/index.php?rest_route=\/wp\/v2\/pages\/624\/revisions"}],"predecessor-version":[{"id":1652,"href":"https:\/\/www.amplifica.me\/simplifica\/index.php?rest_route=\/wp\/v2\/pages\/624\/revisions\/1652"}],"wp:attachment":[{"href":"https:\/\/www.amplifica.me\/simplifica\/index.php?rest_route=%2Fwp%2Fv2%2Fmedia&parent=624"}],"wp:term":[{"taxonomy":"post_tag","embeddable":true,"href":"https:\/\/www.amplifica.me\/simplifica\/index.php?rest_route=%2Fwp%2Fv2%2Ftags&post=624"}],"curies":[{"name":"wp","href":"https:\/\/api.w.org\/{rel}","templated":true}]}}